 = -4*r + 1. Let s be f(-6). Calculate the greatest common factor of s and o.
5
Let g be (-32)/10*3*(-385)/21. What is the greatest common divisor of g and 16?
16
Let p = -2 - -4. Suppose 0 = -0*m - p*m + 96. Suppose 0 = v + v - m. What is the greatest common divisor of v and 12?
12
Suppose 147*g - 164*g = -5746. What is the highest common divisor of g and 104?
26
Let o = 41 + -75. Let c = o + 38. What is the greatest common divisor of 16 and c?
4
Suppose 3*m - 22 - 20 = 0. Let b be -4 + (-30)/(-8) - 9/(-4). Suppose -b*x = -6*x + 8. What is the greatest common factor of m and x?
2
Let z = -11 + 8. Let y = 4 + z. Let h = 5790 - 5789. What is the highest common factor of y and h?
1
Let k(c) be the second derivative of 14*c**3/3 + c**2 - 3*c. Let n = 14 + -13. Let q be k(n). Calculate the greatest common factor of q and 12.
6
Let c(u) = -3 - 6*u**2 - 9*u**3 + 2*u**2 + 5*u**3. Let v be c(-3). What is the greatest common divisor of 23 and v?
23
Suppose -222*y - 686 = -229*y. What is the highest common factor of 4 and y?
2
Let j be -6*(1 + 3 - 5). Let l be ((-5)/15)/(1/(-3)). Suppose l = v - 1. What is the greatest common divisor of v and j?
2
Suppose -39*p + 336 = -32*p. Calculate the highest common divisor of 208 and p.
16
Let p(a) be the second derivative of -a**5/20 - a**4/6 + a**3/6 - a**2/2 + 8*a. Let h be p(-4). What is the highest common factor of 135 and h?
27
Let q(p) = p**3 - 3*p**2 - 9*p + 1. Let y = -9 + 14. Let w be q(y). What is the greatest common factor of w and 4?
2
Let l be -112*(3 + -6 - 3). What is the greatest common factor of l and 21?
21
Suppose -9*w - 210 = -14*w. What is the highest common factor of 602 and w?
14
Let j(a) = 10*a**2 - 2*a. Let m be j(2). Let w = 2223 - 2178. What is the greatest common factor of w and m?
9
Let s = -8 + 12. Suppose s*q + 0*y - 2*y = 10, 0 = -4*q + 5*y + 19. Calculate the greatest common factor of 6 and q.
1
Suppose -4*x + 15 = -5, 2*x + 44 = u. Suppose -2*h + 0*h + 144 = 0. What is the greatest common divisor of h and u?
18
Let r(n) = 2*n**2 - 9*n - 13. Let q be r(6). Suppose -q*s = -9*s + 500. Calculate the greatest common divisor of 25 and s.
25
Suppose 19*g + 16*g - 38885 = 0. What is the greatest common factor of g and 11?
11
Let s(w) = -w**2 - 14*w + w**3 + 3 - 2*w**2 - 6*w**3 + 4*w**3. Suppose -35 = 3*i + 2*i. Let p be s(i). Calculate the greatest common divisor of p and 33.
33
Let c(u) = -u**3 + 4*u**2 - 2*u + 4. Let k be c(3). Let p be k + (-5 - -11) + -1. Calculate the highest common factor of 24 and p.
12
Let p(k) = -k**3 + 13*k**2 - 10*k - 17. Let m be p(12). Suppose 263 = m*j + 53. What is the greatest common factor of j and 12?
6
Suppose 6*a - 14 = -a. Let s be ((-5)/(-3))/(a/96). Calculate the greatest common factor of 20 and s.
20
Let x(o) = 7*o + 9. Let v be x(-1). Suppose 4*s + 4*t - 524 = 0, -v*t - t = -s + 135. Calculate the greatest common divisor of s and 24.
12
Suppose -5*f + 3*b = -4966, 16*f - 12*f - 3*b = 3974. What is the highest common factor of f and 62?
62
Let q(i) be the first derivative of -5*i**2 + 4. Let c be q(-2). Suppose 7*p = 5*p + 120. Calculate the highest common divisor of c and p.
20
Let k be 16*(-1)/((-1)/4). Let j = 101 - 65. Let v be (-6)/27 - (-584)/j. Calculate the highest common divisor of v and k.
16
Let q(j) = -j**3 - 4*j**2 - 6*j. Suppose -7*t + 2*t - 1 = 4*a, -28 = 4*a - 4*t. Let y be q(a). Calculate the greatest common divisor of 8 and y.
8
Let x(s) = 2*s**2 + 3*s + 10. Let m = -39 + 35. Let p be x(m). Calculate the greatest common factor of p and 10.
10
Suppose -5*b = -5*d + 3*d - 8271, 4*b - 6624 = 4*d. What is the greatest common factor of 57 and b?
57
Let u = 127 - 109. What is the greatest common divisor of u and 18?
18
Let c(p) = -p + 27. Suppose 5*h + 14 = 6*f - 5*f, -h = 5*f + 60. Let y be c(f). What is the highest common factor of 95 and y?
19
Let q be 1 + 1 + 6/(-3). Suppose -3*w = -2*d - 6 - q, 0 = 5*w - 20. Suppose 558 = 6*i - d*i. What is the greatest common factor of i and 31?
31
Suppose -w + 2*o + 48 - 4 = 0, 4*o = -5*w + 164. Calculate the highest common factor of 168 and w.
12
Let h be 50 + -7 - (0 - 2). Suppose 0*f + h = 3*f. Calculate the greatest common divisor of 15 and f.
15
Let v be (4/(-3))/(2/(-12)). Suppose v = 4*f - 3*j, j = -4*f + 6 + 2. Let o = 19 - 13. What is the highest common factor of f and o?
2
Let w(q) = -q + 9. Let x be w(4). Let t(z) = 2 + 2*z - 3 + 8 + 4 + 1. Let b be t(x). What is the highest common divisor of b and 33?
11
Suppose 218 = 2*l - 446. What is the highest common divisor of l and 4?
4
Let f(y) = y**2 + 3*y - 22. Let b be f(5). Let n = -17 + b. Let c be (-50)/(-6) + 4/6. What is the greatest common divisor of n and c?
1
Let l(w) be the second derivative of -w**3/6 - 7*w**2/2 + 22*w. Let r be l(-15). What is the highest common factor of r and 8?
8
Let a(n) = 148*n**2 + 5*n + 10. Let v be a(-2). What is the greatest common factor of 37 and v?
37
Let k = -29 + 53. Suppose 2*t = j + 99, 3*j = -0*t - t + 39. What is the greatest common factor of k and t?
24
Let y = 98 + -68. Suppose -15 = 7*r - 57. Calculate the greatest common factor of r and y.
6
Let i = 357 + -337. What is the greatest common divisor of i and 340?
20
Let c(r) = -r**3 - 5*r**2 + 9*r. Let s be c(-7). Let o = 26 - s. Let l(z) = -3*z - 13. Let x be l(o). What is the highest common divisor of x and 56?
14
Let r be 1/(-2) + 1 + 7/2. Let z = 124 - r. Calculate the highest common divisor of z and 15.
15
Suppose -4*k + 234 = 5*j - 194, -k + 2*j = -120. Calculate the highest common factor of k and 700.
28
Suppose 0 = 4*x + m + m - 382, -4*x = -3*m - 377. Suppose 80 = z - x. What is the highest common divisor of z and 25?
25
Suppose -3*t + 153 = s, 2*t + 12*s = 8*s + 92. What is the greatest common factor of 28 and t?
4
Let r(q) = -14*q**3 - q**2 + 5*q - 2. Let c(p) = p**3 - p. Let i(v) = 4*c(v) + r(v). Let w be i(-2). What is the highest common factor of 180 and w?
36
Let s be -6*-2*(-10)/(-24)*2. Suppose -5*g + 226 = -24. What is the greatest common factor of g and s?
10
Suppose 3*x - 2509 = -4*t, -2*x + 4*t + 1751 = 105. Suppose -x - 137 = -4*u. Let h(j) = 3*j + 7. Let r be h(5). What is the greatest common factor of u and r?
22
Let s(t) = -3*t + 18. Let c be s(-4). What is the highest common divisor of c and 60?
30
Let x(c) = -c**2 + 8*c. Let l be x(4). Let y be (-15)/(-6*2/l). Let z(i) = i + 7. Let m be z(-3). What is the highest common divisor of y and m?
4
Let a(h) = 13*h + 7. Let u(b) = 24*b + 14. Let g(l) = -11*a(l) + 6*u(l). Let k be g(-1). Calculate the greatest common divisor of k and 2.
2
Let l(h) = 2*h**3 - 4*h**2 + 4*h - 10. Let n be l(5). What is the greatest common factor of n and 5?
5
Let u = 1265 - 1247. Calculate the highest common factor of 2034 and u.
18
Suppose -12*c + 134 = -130. Calculate the greatest common factor of c and 1584.
22
Let p(t) be the first derivative of t**3 - 5*t**2 - t + 1. Let w be p(7). Calculate the greatest common divisor of 38 and w.
38
Let w be ((-8)/6)/2*-6. Let y = 1 + w. Let k = y + 0. What is the greatest common divisor of 5 and k?
5
Let b = 4 + 10. Let i(t) = t**3 - 13*t**2 - 9*t - 1. Let p be i(b). Suppose 4*m - 169 = 15. What is the greatest common divisor of m and p?
23
Let i = -360 + 465. What is the highest common factor of 70 and i?
35
Let r(n) = -2*n + 30. Let f be r(14). Suppose l - d = -8, 18 = -4*d + 2. Let m be 46/6 + (-4)/l. Calculate the greatest common divisor of m and f.
2
Suppose -2*j + 13 = 19. Let k be j + 159/9 - (-2)/(-3). Calculate the greatest common divisor of 42 and k.
14
Let f(x) = -x**3 - x**2 + 3*x + 10. Let u be f(-5). Let v = u - 73. Calculate the greatest common divisor of 22 and v.
22
Let d(x) = -x**3 - 24*x**2 - 26*x + 78. Let l be d(-23). Calculate the highest common factor of l and 63.
21
Let v = 19 + -18. Let u = -24 - -18. Let s = 1 - u. What is the greatest common factor of v and s?
1
Let h be (28 - 2)/(1 - -1). Suppose -5*k - 4*b + 577 = 0, -2*b = -4*k + 551 - 79. Calculate the highest common divisor of k and h.
13
Let p = -611 + 696. Calculate the highest common divisor of 442 and p.
17
Let p = 86 + -106. Let k = p + 370. What is the highest common divisor of k and 14?
14
Let h(u) = -u**2 - 17*u - 15. Let l be h(-15). Calculate the greatest co